{"id":295,"date":"2023-02-28T08:26:00","date_gmt":"2023-02-28T08:26:00","guid":{"rendered":"http:\/\/fuhys011.public.ads.uni-freiburg.de\/?page_id=295"},"modified":"2023-06-29T07:52:27","modified_gmt":"2023-06-29T07:52:27","slug":"projekt-forderung","status":"publish","type":"page","link":"https:\/\/www.netzwerk-hydrologie.de\/index.php\/foerderungen\/projekt-forderung\/","title":{"rendered":"Projekt F\u00f6rderung"},"content":{"rendered":"<div data-colibri-id=\"295-c1\" class=\"style-576 style-local-295-c1 position-relative\">\n  <!---->\n  <div data-colibri-component=\"section\" data-colibri-id=\"295-c2\" id=\"about\" class=\"h-section h-section-global-spacing d-flex align-items-lg-center align-items-md-center align-items-center style-775 style-local-295-c2 position-relative\">\n    <!---->\n    <!---->\n    <div class=\"h-section-grid-container h-section-boxed-container\">\n      <!---->\n      <div data-colibri-id=\"295-c3\" class=\"h-row-container gutters-row-lg-2 gutters-row-md-2 gutters-row-2 gutters-row-v-lg-2 gutters-row-v-md-2 gutters-row-v-2 style-776 style-local-295-c3 position-relative\">\n        <!---->\n        <div class=\"h-row justify-content-lg-center justify-content-md-center justify-content-center align-items-lg-stretch align-items-md-stretch align-items-stretch gutters-col-lg-2 gutters-col-md-2 gutters-col-2 gutters-col-v-lg-2 gutters-col-v-md-2 gutters-col-v-2\">\n          <!---->\n          <div class=\"h-column h-column-container d-flex h-col-lg-auto h-col-md-auto h-col-auto style-777-outer style-local-295-c4-outer\">\n            <div data-colibri-id=\"295-c4\" class=\"d-flex h-flex-basis h-column__inner h-px-lg-2 h-px-md-2 h-px-2 v-inner-lg-2 v-inner-md-2 v-inner-2 style-777 style-local-295-c4 position-relative\">\n              <!---->\n              <!---->\n              <div class=\"w-100 h-y-container h-column__content h-column__v-align flex-basis-100 align-self-lg-center align-self-md-center align-self-center\">\n                <!---->\n                <div data-colibri-id=\"295-c6\" class=\"h-global-transition-all h-heading style-779 style-local-295-c6 position-relative h-element\">\n                  <!---->\n                  <div class=\"h-heading__outer style-779 style-local-295-c6\">\n                    <!---->\n                    <!---->\n                    <h2 class=\"\">Gezielte F\u00f6rderungen<\/h2>\n                  <\/div>\n                <\/div>\n                <div data-colibri-id=\"295-c7\" class=\"h-text h-text-component style-780 style-local-295-c7 position-relative h-element\">\n                  <!---->\n                  <!---->\n                  <div class=\"\">\n                    <p>Bei Bedarf f\u00f6rdert der Verein auch einzelne Projekte, wie Auslandsaufenthalte oder die Teilnahme an Fachtagungen.<\/p>\n                  <\/div>\n                <\/div>\n              <\/div>\n            <\/div>\n          <\/div>\n          <div class=\"h-column h-column-container d-flex h-col-lg-auto h-col-md-auto h-col-auto style-783-outer style-local-295-c10-outer\">\n            <div data-colibri-id=\"295-c10\" class=\"d-flex h-flex-basis h-column__inner h-px-lg-2 h-px-md-2 h-px-2 v-inner-lg-2 v-inner-md-2 v-inner-2 style-783 style-local-295-c10 position-relative\">\n              <!---->\n              <!---->\n              <div class=\"w-100 h-y-container h-column__content h-column__v-align flex-basis-100 align-self-lg-center align-self-md-center align-self-center\">\n                <!---->\n                <div data-colibri-id=\"295-c11\" class=\"d-block style-784 style-local-295-c11 position-relative h-element\">\n                  <!---->\n                  <div class=\"h-image__frame-container-outer\">\n                    <div class=\"h-image__frame-container\">\n                      <!---->\n                      <!---->\n                      <img decoding=\"async\" loading=\"lazy\" width=\"2560\" height=\"1438\" src=\"https:\/\/www.netzwerk-hydrologie.de\/wp-content\/uploads\/2023\/06\/pexels-kelly-2887788-scaled.jpg\" class=\"wp-image-654 style-784-image style-local-295-c11-image\" srcset=\"https:\/\/www.netzwerk-hydrologie.de\/wp-content\/uploads\/2023\/06\/pexels-kelly-2887788-scaled.jpg 2560w, https:\/\/www.netzwerk-hydrologie.de\/wp-content\/uploads\/2023\/06\/pexels-kelly-2887788-300x168.jpg 300w, https:\/\/www.netzwerk-hydrologie.de\/wp-content\/uploads\/2023\/06\/pexels-kelly-2887788-1024x575.jpg 1024w, https:\/\/www.netzwerk-hydrologie.de\/wp-content\/uploads\/2023\/06\/pexels-kelly-2887788-768x431.jpg 768w, https:\/\/www.netzwerk-hydrologie.de\/wp-content\/uploads\/2023\/06\/pexels-kelly-2887788-1536x863.jpg 1536w, https:\/\/www.netzwerk-hydrologie.de\/wp-content\/uploads\/2023\/06\/pexels-kelly-2887788-2048x1150.jpg 2048w\" sizes=\"(max-width: 2560px) 100vw, 2560px\" alt=\"\" \/>\n                      <div class=\"h-image__frame h-hide-sm style-784-frameImage style-local-295-c11-frameImage\"><\/div>\n                    <\/div>\n                  <\/div>\n                <\/div>\n              <\/div>\n            <\/div>\n          <\/div>\n        <\/div>\n      <\/div>\n    <\/div>\n  <\/div>\n  <div data-colibri-component=\"section\" data-colibri-id=\"295-c12\" id=\"blog\" class=\"h-section h-section-global-spacing d-flex align-items-lg-center align-items-md-center align-items-center style-785 style-local-295-c12 position-relative\">\n    <!---->\n    <!---->\n    <div class=\"h-section-grid-container h-section-boxed-container\">\n      <div data-colibri-id=\"295-c26\" class=\"h-row-container gutters-row-lg-2 gutters-row-md-2 gutters-row-2 gutters-row-v-lg-2 gutters-row-v-md-2 gutters-row-v-2 style-799 style-local-295-c26 position-relative\">\n        <!---->\n        <div class=\"h-row justify-content-lg-center justify-content-md-center justify-content-center align-items-lg-stretch align-items-md-stretch align-items-stretch gutters-col-lg-2 gutters-col-md-2 gutters-col-2 gutters-col-v-lg-2 gutters-col-v-md-2 gutters-col-v-2\">\n          <!---->\n          <div class=\"h-column h-column-container d-flex h-col-lg-auto h-col-md-auto h-col-auto style-800-outer style-local-295-c27-outer\">\n            <div data-colibri-id=\"295-c27\" class=\"d-flex h-flex-basis h-column__inner h-px-lg-2 h-px-md-2 h-px-2 v-inner-lg-2 v-inner-md-2 v-inner-2 style-800 style-local-295-c27 position-relative\">\n              <!---->\n              <!---->\n              <div class=\"w-100 h-y-container h-column__content h-column__v-align flex-basis-100 align-self-lg-start align-self-md-start align-self-start\">\n                <!---->\n                <div data-colibri-id=\"295-c28\" class=\"h-global-transition-all h-heading style-801 style-local-295-c28 position-relative h-element\">\n                  <!---->\n                  <div class=\"h-heading__outer style-801 style-local-295-c28\">\n                    <!---->\n                    <!---->\n                    <h3 class=\"\">Ausgew\u00e4hlte F\u00f6rderungen der vergangenen Jahre<\/h3>\n                  <\/div>\n                <\/div>\n              <\/div>\n            <\/div>\n          <\/div>\n        <\/div>\n      <\/div>\n      <div data-colibri-id=\"295-c13\" class=\"h-row-container gutters-row-lg-0 gutters-row-md-0 gutters-row-0 gutters-row-v-lg-0 gutters-row-v-md-0 gutters-row-v-0 style-786 style-local-295-c13 position-relative\">\n        <!---->\n        <div class=\"h-row justify-content-lg-center justify-content-md-center justify-content-center align-items-lg-stretch align-items-md-stretch align-items-stretch gutters-col-lg-0 gutters-col-md-0 gutters-col-0 gutters-col-v-lg-0 gutters-col-v-md-0 gutters-col-v-0\">\n          <!---->\n          <div class=\"h-column h-column-container d-flex h-col-lg-auto h-col-md-auto h-col-auto style-787-outer style-local-295-c14-outer\">\n            <div data-colibri-id=\"295-c14\" class=\"d-flex h-flex-basis h-column__inner h-px-lg-0 h-px-md-0 h-px-0 v-inner-lg-0 v-inner-md-0 v-inner-0 style-787 style-local-295-c14 position-relative\">\n              <!---->\n              <!---->\n              <div class=\"w-100 h-y-container h-column__content h-column__v-align flex-basis-100 align-self-lg-start align-self-md-start align-self-start\">\n                <!---->\n                <div data-colibri-id=\"295-c15\" class=\"h-row-container gutters-row-lg-2 gutters-row-md-2 gutters-row-2 gutters-row-v-lg-2 gutters-row-v-md-2 gutters-row-v-2 colibri-dynamic-list style-788 style-local-295-c15 position-relative\">\n                  <!---->\n                  <div data-colibri-component=\"\" class=\"h-row justify-content-lg-start justify-content-md-start justify-content-start align-items-lg-stretch align-items-md-stretch align-items-stretch gutters-col-lg-2 gutters-col-md-2 gutters-col-2 gutters-col-v-lg-2 gutters-col-v-md-2 gutters-col-v-2 style-788-row style-local-295-c15-row\">\n                    <!---->\n        <div    class=\"h-column h-column-container d-flex h-col-lg-4 h-col-md-6 h-col-12 post-905 post type-post status-publish format-standard has-post-thumbnail hentry category-forderung tag-leibundgut-preis masonry-item style-789-outer style-local-295-c16-outer\"  ><div   data-colibri-id=\"295-c16\" class=\"d-flex h-flex-basis h-column__inner h-px-lg-2 h-px-md-2 h-px-2 v-inner-lg-2 v-inner-md-2 v-inner-2 style-789 style-local-295-c16 h-overflow-hidden position-relative\"><!&#8212;-><!&#8212;-> <div  class=\"w-100 h-y-container h-column__content h-column__v-align flex-basis-100 align-self-lg-start align-self-md-start align-self-start\"><!&#8212;-> <div   data-href=\"https:\/\/www.netzwerk-hydrologie.de\/index.php\/2023\/12\/22\/lena-dottling-gewinnt-christian-leibundgut-preis-2023\/\" data-colibri-component=\"link\"  data-colibri-id=\"295-c17\" class=\"colibri-post-thumbnail colibri-post-has-thumbnail colibri-post-thumbnail-has-placeholder style-790 style-local-295-c17 h-overflow-hidden position-relative h-element\"  ><!&#8212;-><div   class=\"h-global-transition-all colibri-post-thumbnail-shortcode style-dynamic-295-c17-height\">            <a href=\"https:\/\/www.netzwerk-hydrologie.de\/index.php\/2023\/12\/22\/lena-dottling-gewinnt-christian-leibundgut-preis-2023\/\" title=\"Lena D\u00f6ttling gewinnt Christian-Leibundgut-Preis 2023\">\n\t\t\t\t<img width=\"1334\" height=\"796\" src=\"https:\/\/www.netzwerk-hydrologie.de\/wp-content\/uploads\/2023\/12\/IMG_Leibundgut-Preistraegerin2-scaled-e1703246300939.jpg\" class=\"attachment-post-thumbnail size-post-thumbnail wp-post-image\" alt=\"\" decoding=\"async\" loading=\"lazy\" srcset=\"https:\/\/www.netzwerk-hydrologie.de\/wp-content\/uploads\/2023\/12\/IMG_Leibundgut-Preistraegerin2-scaled-e1703246300939.jpg 1334w, https:\/\/www.netzwerk-hydrologie.de\/wp-content\/uploads\/2023\/12\/IMG_Leibundgut-Preistraegerin2-scaled-e1703246300939-300x179.jpg 300w, https:\/\/www.netzwerk-hydrologie.de\/wp-content\/uploads\/2023\/12\/IMG_Leibundgut-Preistraegerin2-scaled-e1703246300939-1024x611.jpg 1024w, https:\/\/www.netzwerk-hydrologie.de\/wp-content\/uploads\/2023\/12\/IMG_Leibundgut-Preistraegerin2-scaled-e1703246300939-768x458.jpg 768w\" sizes=\"(max-width: 1334px) 100vw, 1334px\" \/>            <\/a>\n\t\t\t<\/div> <div  class=\"colibri-post-thumbnail-content align-items-lg-center align-items-md-center align-items-center flex-basis-100\"><div  class=\"w-100 h-y-container\"><!&#8212;-> <\/div><\/div><\/div><div   data-colibri-id=\"295-c18\" class=\"h-row-container gutters-row-lg-0 gutters-row-md-0 gutters-row-2 gutters-row-v-lg-0 gutters-row-v-md-0 gutters-row-v-0 style-791 style-local-295-c18 position-relative\"  ><!&#8212;-><div class=\"h-row justify-content-lg-center justify-content-md-center justify-content-center align-items-lg-stretch align-items-md-stretch align-items-stretch gutters-col-lg-0 gutters-col-md-0 gutters-col-2 gutters-col-v-lg-0 gutters-col-v-md-0 gutters-col-v-0\"><!&#8212;-> <div   class=\"h-column h-column-container d-flex h-col-lg h-col-md h-col-auto style-792-outer style-local-295-c19-outer\"  ><div  data-colibri-id=\"295-c19\" class=\"d-flex h-flex-basis h-column__inner h-px-lg-3 h-px-md-3 h-px-3 v-inner-lg-3 v-inner-md-3 v-inner-3 style-792 style-local-295-c19 position-relative\"><!&#8212;-><!&#8212;-> <div class=\"w-100 h-y-container h-column__content h-column__v-align flex-basis-100 align-self-lg-start align-self-md-start align-self-start\"><!&#8212;-> <div   data-colibri-id=\"295-c21\" class=\"h-blog-title style-794 style-local-295-c21 position-relative h-element\"  ><!&#8212;-><div  class=\"h-global-transition-all\"><a href=\"https:\/\/www.netzwerk-hydrologie.de\/index.php\/2023\/12\/22\/lena-dottling-gewinnt-christian-leibundgut-preis-2023\/\"><h4 class=\"colibri-word-wrap\">Lena D\u00f6ttling gewinnt Christian-Leibundgut-Preis 2023<\/h4><\/a><\/div><\/div><div   data-colibri-id=\"295-c22\" class=\"h-blog-meta style-795 style-local-295-c22 position-relative h-element\"  ><!&#8212;-><div name=\"1\" class=\"metadata-item\"><span class=\"metadata-prefix\">by<\/span> <a href=\"https:\/\/www.netzwerk-hydrologie.de\/index.php\/author\/admin\/\"><!&#8212;->admin<\/a> <span class=\"meta-separator\"><\/span><\/div><div name=\"2\" class=\"metadata-item\"><span class=\"metadata-prefix\">on<\/span> <a href=\"https:\/\/www.netzwerk-hydrologie.de\/index.php\/2023\/12\/22\/\"><!&#8212;->Dec 22<\/a><\/div><!&#8212;-><!&#8212;-><\/div><div   data-colibri-id=\"295-c23\" class=\"style-796 style-local-295-c23 position-relative h-element\"  ><!&#8212;-><div  class=\"h-global-transition-all\"><div class=\"colibri-post-excerpt\">Lena D\u00f6ttling gewinnt Christian-Leibundgut-Preis 2023 Lena D\u00f6ttling gewinnt den diesj\u00e4hrigen Christian-Leibundgut-Preis f\u00fcr [&hellip;]<\/div><\/div><\/div><div    data-colibri-id=\"295-c24\" class=\"h-x-container style-797 style-local-295-c24 position-relative h-element\"  ><!&#8212;-><div   class=\"h-x-container-inner style-dynamic-295-c24-group\"><!&#8212;-><span   class=\"h-button__outer style-798-outer style-local-295-c25-outer d-inline-flex h-element\"    ><a  h-use-smooth-scroll=\"true\" href=\"https:\/\/www.netzwerk-hydrologie.de\/index.php\/2023\/12\/22\/lena-dottling-gewinnt-christian-leibundgut-preis-2023\/\"  data-colibri-id=\"295-c25\" class=\"d-flex w-100 align-items-center h-button justify-content-lg-center justify-content-md-center justify-content-center style-798 style-local-295-c25 position-relative\"><!&#8212;-><!&#8212;-> <span >Read more<\/span> <span  class=\"h-svg-icon h-button__icon style-798-icon style-local-295-c25-icon\"><!&#8211;Icon by Icons8 Line Awesome (https:\/\/icons8.com\/line-awesome)&#8211;><svg version=\"1.1\" xmlns=\"http:\/\/www.w3.org\/2000\/svg\" xmlns:xlink=\"http:\/\/www.w3.org\/1999\/xlink\" id=\"arrow-right\" viewBox=\"0 0 512 545.5\"><path d=\"M299.5 140.5l136 136 11 11.5-11 11.5-136 136-23-23L385 304H64v-32h321L276.5 163.5z\"><\/path><\/svg><\/span><\/a><\/span><\/div><\/div><\/div><\/div><\/div><\/div><\/div><\/div><\/div><\/div>\n      \n      \n        <div    class=\"h-column h-column-container d-flex h-col-lg-4 h-col-md-6 h-col-12 post-625 post type-post status-publish format-standard has-post-thumbnail hentry category-forderung category-veranstaltung masonry-item style-789-outer style-local-295-c16-outer\"  ><div   data-colibri-id=\"295-c16\" class=\"d-flex h-flex-basis h-column__inner h-px-lg-2 h-px-md-2 h-px-2 v-inner-lg-2 v-inner-md-2 v-inner-2 style-789 style-local-295-c16 h-overflow-hidden position-relative\"><!&#8212;-><!&#8212;-> <div  class=\"w-100 h-y-container h-column__content h-column__v-align flex-basis-100 align-self-lg-start align-self-md-start align-self-start\"><!&#8212;-> <div   data-href=\"https:\/\/www.netzwerk-hydrologie.de\/index.php\/2023\/06\/29\/18-phd-workshop-zu-hydrologischer-modellierung\/\" data-colibri-component=\"link\"  data-colibri-id=\"295-c17\" class=\"colibri-post-thumbnail colibri-post-has-thumbnail colibri-post-thumbnail-has-placeholder style-790 style-local-295-c17 h-overflow-hidden position-relative h-element\"  ><!&#8212;-><div   class=\"h-global-transition-all colibri-post-thumbnail-shortcode style-dynamic-295-c17-height\">            <a href=\"https:\/\/www.netzwerk-hydrologie.de\/index.php\/2023\/06\/29\/18-phd-workshop-zu-hydrologischer-modellierung\/\" title=\"18. PhD Workshop zu hydrologischer Modellierung\">\n\t\t\t\t<img width=\"2560\" height=\"1441\" src=\"https:\/\/www.netzwerk-hydrologie.de\/wp-content\/uploads\/2023\/06\/20230614_210138_crop-scaled.jpg\" class=\"attachment-post-thumbnail size-post-thumbnail wp-post-image\" alt=\"\" decoding=\"async\" loading=\"lazy\" srcset=\"https:\/\/www.netzwerk-hydrologie.de\/wp-content\/uploads\/2023\/06\/20230614_210138_crop-scaled.jpg 2560w, https:\/\/www.netzwerk-hydrologie.de\/wp-content\/uploads\/2023\/06\/20230614_210138_crop-300x169.jpg 300w, https:\/\/www.netzwerk-hydrologie.de\/wp-content\/uploads\/2023\/06\/20230614_210138_crop-1024x576.jpg 1024w, https:\/\/www.netzwerk-hydrologie.de\/wp-content\/uploads\/2023\/06\/20230614_210138_crop-768x432.jpg 768w, https:\/\/www.netzwerk-hydrologie.de\/wp-content\/uploads\/2023\/06\/20230614_210138_crop-1536x864.jpg 1536w, https:\/\/www.netzwerk-hydrologie.de\/wp-content\/uploads\/2023\/06\/20230614_210138_crop-2048x1152.jpg 2048w\" sizes=\"(max-width: 2560px) 100vw, 2560px\" \/>            <\/a>\n\t\t\t<\/div> <div  class=\"colibri-post-thumbnail-content align-items-lg-center align-items-md-center align-items-center flex-basis-100\"><div  class=\"w-100 h-y-container\"><!&#8212;-> <\/div><\/div><\/div><div   data-colibri-id=\"295-c18\" class=\"h-row-container gutters-row-lg-0 gutters-row-md-0 gutters-row-2 gutters-row-v-lg-0 gutters-row-v-md-0 gutters-row-v-0 style-791 style-local-295-c18 position-relative\"  ><!&#8212;-><div class=\"h-row justify-content-lg-center justify-content-md-center justify-content-center align-items-lg-stretch align-items-md-stretch align-items-stretch gutters-col-lg-0 gutters-col-md-0 gutters-col-2 gutters-col-v-lg-0 gutters-col-v-md-0 gutters-col-v-0\"><!&#8212;-> <div   class=\"h-column h-column-container d-flex h-col-lg h-col-md h-col-auto style-792-outer style-local-295-c19-outer\"  ><div  data-colibri-id=\"295-c19\" class=\"d-flex h-flex-basis h-column__inner h-px-lg-3 h-px-md-3 h-px-3 v-inner-lg-3 v-inner-md-3 v-inner-3 style-792 style-local-295-c19 position-relative\"><!&#8212;-><!&#8212;-> <div class=\"w-100 h-y-container h-column__content h-column__v-align flex-basis-100 align-self-lg-start align-self-md-start align-self-start\"><!&#8212;-> <div   data-colibri-id=\"295-c21\" class=\"h-blog-title style-794 style-local-295-c21 position-relative h-element\"  ><!&#8212;-><div  class=\"h-global-transition-all\"><a href=\"https:\/\/www.netzwerk-hydrologie.de\/index.php\/2023\/06\/29\/18-phd-workshop-zu-hydrologischer-modellierung\/\"><h4 class=\"colibri-word-wrap\">18. PhD Workshop zu hydrologischer Modellierung<\/h4><\/a><\/div><\/div><div   data-colibri-id=\"295-c22\" class=\"h-blog-meta style-795 style-local-295-c22 position-relative h-element\"  ><!&#8212;-><div name=\"1\" class=\"metadata-item\"><span class=\"metadata-prefix\">by<\/span> <a href=\"https:\/\/www.netzwerk-hydrologie.de\/index.php\/author\/admin\/\"><!&#8212;->admin<\/a> <span class=\"meta-separator\"><\/span><\/div><div name=\"2\" class=\"metadata-item\"><span class=\"metadata-prefix\">on<\/span> <a href=\"https:\/\/www.netzwerk-hydrologie.de\/index.php\/2023\/06\/29\/\"><!&#8212;->Jun 29<\/a><\/div><!&#8212;-><!&#8212;-><\/div><div   data-colibri-id=\"295-c23\" class=\"style-796 style-local-295-c23 position-relative h-element\"  ><!&#8212;-><div  class=\"h-global-transition-all\"><div class=\"colibri-post-excerpt\">Vom 14.-16. Juni organisierten Doktorierende der hydrologischen Professuren der Universit\u00e4t Freiburg den [&hellip;]<\/div><\/div><\/div><div    data-colibri-id=\"295-c24\" class=\"h-x-container style-797 style-local-295-c24 position-relative h-element\"  ><!&#8212;-><div   class=\"h-x-container-inner style-dynamic-295-c24-group\"><!&#8212;-><span   class=\"h-button__outer style-798-outer style-local-295-c25-outer d-inline-flex h-element\"    ><a  h-use-smooth-scroll=\"true\" href=\"https:\/\/www.netzwerk-hydrologie.de\/index.php\/2023\/06\/29\/18-phd-workshop-zu-hydrologischer-modellierung\/\"  data-colibri-id=\"295-c25\" class=\"d-flex w-100 align-items-center h-button justify-content-lg-center justify-content-md-center justify-content-center style-798 style-local-295-c25 position-relative\"><!&#8212;-><!&#8212;-> <span >Read more<\/span> <span  class=\"h-svg-icon h-button__icon style-798-icon style-local-295-c25-icon\"><!&#8211;Icon by Icons8 Line Awesome (https:\/\/icons8.com\/line-awesome)&#8211;><svg version=\"1.1\" xmlns=\"http:\/\/www.w3.org\/2000\/svg\" xmlns:xlink=\"http:\/\/www.w3.org\/1999\/xlink\" id=\"arrow-right\" viewBox=\"0 0 512 545.5\"><path d=\"M299.5 140.5l136 136 11 11.5-11 11.5-136 136-23-23L385 304H64v-32h321L276.5 163.5z\"><\/path><\/svg><\/span><\/a><\/span><\/div><\/div><\/div><\/div><\/div><\/div><\/div><\/div><\/div><\/div>\n      \n      \n                    <\/div>\n                <\/div>\n              <\/div>\n            <\/div>\n          <\/div>\n        <\/div>\n      <\/div>\n    <\/div>\n  <\/div>\n<\/div>","protected":false},"excerpt":{"rendered":"<p>Gezielte F\u00f6rderungen Bei Bedarf f\u00f6rdert der Verein auch einzelne Projekte, wie Auslandsaufenthalte [&hellip;]<\/p>\n","protected":false},"author":1,"featured_media":0,"parent":125,"menu_order":0,"comment_status":"closed","ping_status":"closed","template":"page-templates\/full-width-page.php","meta":[],"_links":{"self":[{"href":"https:\/\/www.netzwerk-hydrologie.de\/index.php\/wp-json\/wp\/v2\/pages\/295"}],"collection":[{"href":"https:\/\/www.netzwerk-hydrologie.de\/index.php\/wp-json\/wp\/v2\/pages"}],"about":[{"href":"https:\/\/www.netzwerk-hydrologie.de\/index.php\/wp-json\/wp\/v2\/types\/page"}],"author":[{"embeddable":true,"href":"https:\/\/www.netzwerk-hydrologie.de\/index.php\/wp-json\/wp\/v2\/users\/1"}],"replies":[{"embeddable":true,"href":"https:\/\/www.netzwerk-hydrologie.de\/index.php\/wp-json\/wp\/v2\/comments?post=295"}],"version-history":[{"count":5,"href":"https:\/\/www.netzwerk-hydrologie.de\/index.php\/wp-json\/wp\/v2\/pages\/295\/revisions"}],"predecessor-version":[{"id":656,"href":"https:\/\/www.netzwerk-hydrologie.de\/index.php\/wp-json\/wp\/v2\/pages\/295\/revisions\/656"}],"up":[{"embeddable":true,"href":"https:\/\/www.netzwerk-hydrologie.de\/index.php\/wp-json\/wp\/v2\/pages\/125"}],"wp:attachment":[{"href":"https:\/\/www.netzwerk-hydrologie.de\/index.php\/wp-json\/wp\/v2\/media?parent=295"}],"curies":[{"name":"wp","href":"https:\/\/api.w.org\/{rel}","templated":true}]}}